base 6.
3021000
What is -3301202130 (base 4) in base 3?
-1212021010020
117400 (base 9) to base 16
1157d
-716176 (base 14) to base 7
-44316606
What is 21535 (base 16) in base 5?
13332001
What is -2545303 (base 10) in base 13?
-6b16c7
1521a10 (base 13) to base 10
6744296
Convert -341518 (base 13) to base 6.
-42215534
What is 1322130201 (base 4) in base 11?
3128a3
What is 15656251 (base 7) in base 14?
2ba5d1
Convert -122020 (base 5) to base 2.
-1001000011011
Convert 662ef9 (base 16) to base 12.
22ab4a1
Convert -111101102120 (base 3) to base 6.
-5351453
Convert 126603 (base 9) to base 5.
4431114
-164d5 (base 16) to base 15
-1c0ee
110220000112002 (base 3) to base 5
3223200224
What is 2342505 (base 7) in base 8?
1102503
Convert 1033144 (base 6) to base 3.
2121022101
Convert -1010001010100010 (base 2) to base 11.
-2930a
Convert 10122111102 (base 3) to base 15.
1641e
329543 (base 12) to base 7
6556605
Convert 1114024 (base 5) to base 9.
30248
Convert -23221110 (base 6) to base 12.
-2a7796
What is -236015 (base 12) in base 10?
-570257
14243 (base 10) to base 11
a779
What is -4400251 (base 7) in base 11?
-3381a3
What is -10110000101001101011 (base 2) in base 15?
-e45c8
Convert 79866 (base 11) to base 9.
185400
What is 12451565 (base 7) in base 8?
4260025
Convert 37324 (base 11) to base 15.
10d54
What is 6a372 (base 16) in base 6?
13154054
Convert -432115541 (base 6) to base 11.
-4363591
What is 4134270 (base 10) in base 9?
7701133
What is -17645 (base 9) in base 6?
-132235
-1103014 (base 6) to base 8
-153462
Convert -118608 (base 9) to base 7.
-416504
What is 97014 (base 10) in base 11?
66985
What is -1a685 (base 12) in base 16?
-9845
-101010010100111100001 (base 2) to base 16
-1529e1
-1830788 (base 11) to base 16
-2f6043
-de46d (base 15) to base 5
-140101003
Convert 420271 (base 8) to base 15.
2b4b9
What is -58bae (base 15) in base 3?
-112100212202
Convert -2212211102202 (base 3) to base 6.
-52500202
What is 1060683 (base 10) in base 8?
4027513
3b5cad (base 16) to base 9
7278500
Convert 1302322022 (base 4) to base 13.
136301
What is 79b1 (base 15) in base 2?
110010011011000
What is -22021013102 (base 4) in base 3?
-12000002010222
Convert -5205 (base 11) to base 14.
-2730
c0c08c (base 13) to base 16
4463cc
What is 562336 (base 7) in base 3?
12001012211
Convert 68223 (base 12) to base 16.
21d3b
Convert a2526 (base 13) to base 5.
33302011
Convert -1352011 (base 6) to base 2.
-10010110001100111
-2022001110111 (base 3) to base 12
-4aaa04
Convert -a1871e (base 15) to base 4.
-131101102103
What is 594571 (base 12) in base 2?
101011111001100100101
What is -3044a56 (base 11) in base 4?
-110201130002
What is -6581024 (base 10) in base 4?
-121012230200
What is 10101011303 (base 4) in base 13?
3021a7
Convert -36245 (base 7) to base 5.
-300032
-17c74c (base 13) to base 4
-2102030233
Convert 8207311 (base 9) to base 12.
156b99a
What is 111100000100110000011 (base 2) in base 11?
1124a7a
Convert 1a3d23 (base 14) to base 9.
1671488
-2a251b (base 12) to base 11
-444939
-792a247 (base 11) to base 8
-64777227
18d5080 (base 14) to base 13
2733269
2daecf (base 16) to base 12
1004693
What is -400067 (base 11) in base 14?
-12ab1b
2b05cc (base 13) to base 16
1023ea
What is 33232230112 (base 4) in base 9?
7674231
Convert 39bf6d (base 16) to base 4.
32123331231
-6177 (base 10) to base 7
-24003
-31b3b (base 15) to base 8
-464125
-39980 (base 14) to base 8
-424774
1001000011011011010000 (base 2) to base 6
122511344
What is 166a19 (base 11) in base 2?
111111000001000001
Convert -11010011010110000111 (base 2) to base 3.
-1121222110220
-1003524 (base 7) to base 3
-20001011020
What is 26383 (base 12) in base 4?
30302103
Convert 9782142 (base 10) to base 16.
95437e
What is 3b944 (base 12) in base 4?
110022010
-212131110 (base 5) to base 4
-3122230210
553400 (base 7) to base 9
157372
Convert 143e82c (base 15) to base 9.
30466306
-1011332021231 (base 4) to base 10
-18342509
What is b8152a (base 12) in base 8?
13052662
What is -130333 (base 9) in base 15?
-18620
Convert 1200013203 (base 5) to base 14.
512c3a
-385939 (base 15) to base 13
-737b83
Convert 133248 (base 9) to base 7.
455342
What is 11193aa (base 14) in base 6?
450140254
What is 1492025 (base 11) in base 13?
6b3a10
Convert -101011000111011111 (base 2) to base 3.
-22222021000
Convert -2bc0d (base 14) to base 6.
-2202221
What is 1152c9 (base 15) in base 10?
827514
Convert -2477382 (base 11) to base 9.
-8072824
What is -2516098 (base 11) in base 13?
-ba0774
478642 (base 9) to base 12
11ab3b
Convert -4322a9 (base 11) to base 12.
-293b7a
What is 44223132 (base 5) in base 11?
241767
Convert 1121012550 (base 6) to base 16.
bcafd2
-27b79a (base 16) to base 2
-1001111011011110011010
What is 32746 (base 15) in base 12?
788b6
Convert -1d8b8 (base 15) to base 2.
-10111100011011001
What is 4613448 (base 9) in base 6?
125203542
What is 643115 (base 10) in base 14?
12a52b
110404425 (base 7) to base 12
2290633
Convert -2046423 (base 8) to base 14.
-102387
What is -37101 (base 8) in base 6?
-201441
-21200110110021 (base 3) to base 7
-46465063
42f56 (base 16) to base 4
1002331112
What is 740875 (base 11) in base 14?
22c7d9
What is -24afbb (base 16) in base 14?
-4682a7
What is 6750120 (base 9) in base 11?
2062a49
-10f62 (base 16) to base 5
-4210344
-12302313133 (base 5) to base 9
-31006853
-1d3a4 (base 16) to base 9
-202187
Convert 1201001010010 (base 3) to base 2.
11011101001111110111
What is -c7313 (base 13) in base 4?
-1113203222
What is -142968 (base 10) in base 14?
-3a160
What is -29072e (base 16) in base 14?
-4ddc62
350507 (base 8) to base 5
12302421
Convert -b3487 (base 13) to base 15.
-65419
Convert 1011101101010100010101 (base 2) to base 7.
35042056
What is 143502 (base 11) in base 13?
7b094
What is 21012 (base 6) in base 14?
1052
6222231 (base 7) to base 14
155788
-9513 (base 12) to base 2
-11111110011111
16b017 (base 12) to base 8
1376123
Convert -22001200221 (base 3) to base 13.
-57310
Convert 6a4747 (base 15) to base 13.
108a22b
What is -bd9fd (base 16) in base 14?
-1630a9
What is 11110111011110110100101 (base 2) in base 5?
4034000402
16b91 (base 12) to base 11
22706
What is 151b39 (base 12) in base 9?
602140
-135066 (base 12) to base 16
-4e10e
What is 11145774 (base 8) in base 13?
665843
Convert -8598757 (base 11) to base 10.
-15121069
Convert 417bb (base 13) to base 16.
1cc12
4027044 (base 8) to base 12
431798
Convert -202201102200 (base 3) to base 8.
-1434422
Convert -133210033 (base 4) to base 12.
-629a7
-64027 (base 16) to base 2
-1100100000000100111
What is -2210001022101 (base 3) in base 15?
-1e2a3a
What is 1101101110001110000 (base 2) in base 6?
13345412
-22110210120021 (base 3) to base 9
-8423507
176522 (base 12) to base 3
202120200122
Convert 42355 (base 13) to base 14.
31635
What is -11010100001100001 (base 2) in base 14?
-2b841
4c81d5 (base 14) to base 13
713264
What is -1663225 (base 7) in base 12?
-b3537
4d61c (base 14) to base 16
2e84a
Convert -64472 (base 9) to base 15.
-c99b
Convert -113131200 (base 4) to base 3.
-11212211010
What is -1d69c57 (base 14) in base 2?
-111000011000000111110101
Convert -81b1 (base 13) to base 3.
-220112120
-2302f (base 16) to base 5
-14042112
Convert 10101000000000011100 (base 2) to base 8.
2500034
-245866 (base 9) to base 5
-14224240
What is 232103101113 (base 4) in base 6?
1112052223
What is 581335 (base 15) in base 12?
14aa01b
-11210221112 (base 3) to base 6
-2010322
What is -40437 (base 15) in base 14?
-54204
What is 1320300313 (base 4) in base 3?
221010112021
What is -440343204 (base 5) in base 7?
-22020226
-4891d (base 14) to base 5
-21134112
1010335435 (base 6) to base 12
358a57b
-547aa3 (base 11) to base 10
-874459
30223233313 (base 4) to base 3
20020220221011
11101000100011110100 (base 2) to base 9
1711604
What is 1785a (base 16) in base 4?
113201122
-aeb86c (base 15) to base 8
-37644027
Convert 2553859 (base 10) to base 2.
1001101111100000000011
-4386221 (base 10) to base 16
-42edad
Convert 100100111000011101111 (base 2) to base 10.
1208559
What is 1212122420 (base 5) in base 13?
7896c3
Convert 2334040042 (base 5) to base 7.
63464623
What is -233223023 (base 7) in base 2?
-110110111001110101000000
Convert 145845 (base 9) to base 16.
15e1b
What is -162148 (base 9) in base 10?